se 13) to base 12
2a
What is -52 (base 9) in base 3?
-1202
-4 (base 14) to base 6
-4
What is -1 (base 7) in base 12?
-1
Convert 9 (base 15) to base 4.
21
170 (base 8) to base 9
143
Convert -203 (base 4) to base 10.
-35
What is 4 (base 11) in base 12?
4
What is 17 (base 8) in base 3?
120
What is -4 (base 10) in base 12?
-4
-1 (base 6) to base 16
-1
Convert 22 (base 4) to base 6.
14
What is -44 (base 14) in base 10?
-60
Convert -101001110 (base 2) to base 7.
-655
Convert 16 (base 16) to base 6.
34
Convert -120 (base 8) to base 12.
-68
What is -1a (base 11) in base 13?
-18
Convert -23 (base 11) to base 16.
-19
Convert -177 (base 13) to base 3.
-100220
Convert -115 (base 8) to base 13.
-5c
Convert -133 (base 13) to base 7.
-421
What is 6 (base 10) in base 2?
110
Convert 12010 (base 4) to base 14.
1da
1 (base 14) to base 13
1
-13 (base 11) to base 10
-14
-1 (base 15) to base 11
-1
What is -1001100 (base 2) in base 9?
-84
40 (base 10) to base 12
34
What is -2 (base 14) in base 5?
-2
What is -4 (base 16) in base 2?
-100
3 (base 8) to base 2
11
Convert -216 (base 10) to base 14.
-116
What is -121 (base 4) in base 3?
-221
Convert 2002 (base 4) to base 3.
11211
167 (base 9) to base 16
8e
30 (base 13) to base 4
213
What is 5 (base 11) in base 5?
10
Convert 3 (base 10) to base 6.
3
4 (base 16) to base 3
11
4 (base 6) to base 12
4
Convert -64 (base 7) to base 4.
-232
Convert 1020 (base 3) to base 9.
36
3 (base 10) to base 15
3
ae (base 16) to base 11
149
2211 (base 4) to base 10
165
-1211 (base 5) to base 6
-501
What is b (base 14) in base 2?
1011
Convert -3 (base 10) to base 14.
-3
Convert 0 (base 16) to base 3.
0
Convert 15 (base 11) to base 6.
24
What is -43 (base 8) in base 15?
-25
What is 10011101 (base 2) in base 4?
2131
-4 (base 14) to base 4
-10
What is -120 (base 3) in base 15?
-10
What is -3 (base 11) in base 16?
-3
3a (base 15) to base 13
43
What is 100 (base 2) in base 12?
4
-1000 (base 2) to base 10
-8
Convert -32 (base 5) to base 4.
-101
Convert -45 (base 12) to base 9.
-58
What is -15 (base 8) in base 15?
-d
What is 88 (base 13) in base 5?
422
Convert 2 (base 6) to base 12.
2
Convert -100 (base 2) to base 6.
-4
What is 112 (base 11) in base 10?
134
Convert -2 (base 10) to base 8.
-2
What is -23 (base 8) in base 16?
-13
Convert 1 (base 16) to base 11.
1
What is 16 (base 13) in base 7?
25
92 (base 15) to base 2
10001001
Convert -153 (base 6) to base 9.
-76
What is 22 (base 13) in base 2?
11100
What is 230 (base 8) in base 5?
1102
13 (base 5) to base 3
22
What is -2 (base 13) in base 9?
-2
Convert -2000 (base 3) to base 11.
-4a
7 (base 13) to base 4
13
100 (base 2) to base 11
4
Convert 12 (base 8) to base 14.
a
31 (base 14) to base 5
133
-1b (base 13) to base 15
-19
53 (base 7) to base 3
1102
What is 10011110 (base 2) in base 5?
1113
-7 (base 14) to base 15
-7
Convert 0 (base 7) to base 4.
0
What is 24 (base 14) in base 2?
100000
What is -2 (base 3) in base 2?
-10
What is -3 (base 13) in base 12?
-3
What is 175 (base 10) in base 6?
451
Convert 0 (base 7) to base 14.
0
What is -22 (base 4) in base 10?
-10
Convert -253 (base 6) to base 15.
-70
Convert 4 (base 15) to base 7.
4
Convert -4 (base 7) to base 14.
-4
4 (base 15) to base 16
4
11 (base 12) to base 14
d
-20 (base 8) to base 3
-121
What is 0 (base 14) in base 16?
0
Convert 1 (base 2) to base 7.
1
Convert 120 (base 3) to base 10.
15
Convert 1 (base 10) to base 8.
1
-20 (base 13) to base 5
-101
Convert -a (base 15) to base 10.
-10
What is 266 (base 7) in base 10?
146
-100 (base 2) to base 4
-10
-22 (base 13) to base 14
-20
11 (base 15) to base 9
17
Convert -22 (base 4) to base 3.
-101
53 (base 10) to base 16
35
What is 3 (base 7) in base 8?
3
Convert -1000 (base 3) to base 13.
-21
Convert -23 (base 4) to base 12.
-b
Convert 21101 (base 3) to base 15.
d4
-77 (base 8) to base 10
-63
162 (base 9) to base 8
211
-111111 (base 2) to base 12
-53
-c5 (base 14) to base 9
-212
14 (base 5) to base 8
11
What is -12 (base 13) in base 3?
-120
7 (base 15) to base 8
7
Convert 1 (base 9) to base 14.
1
130 (base 4) to base 14
20
What is -19 (base 10) in base 3?
-201
Convert -552 (base 6) to base 8.
-324
Convert -87 (base 13) to base 14.
-7d
Convert 5 (base 6) to base 7.
5
-2 (base 4) to base 5
-2
Convert 4 (base 12) to base 4.
10
What is -d (base 15) in base 7?
-16
Convert 32 (base 15) to base 11.
43
What is 3 (base 8) in base 6?
3
What is 2334 (base 5) in base 14?
1a8
What is 12 (base 3) in base 15?
5
What is 1023 (base 5) in base 4?
2022
What is -90 (base 10) in base 2?
-1011010
What is -2f (base 16) in base 7?
-65
Convert 21 (base 3) to base 11.
7
-4 (base 13) to base 10
-4
What is 3 (base 11) in base 13?
3
-5 (base 8) to base 10
-5
What is -b (base 12) in base 14?
-b
2d (base 16) to base 10
45
Convert 3 (base 9) to base 7.
3
What is -26 (base 14) in base 15?
-24
Convert 13a (base 15) to base 9.
341
Convert a (base 15) to base 12.
a
2 (base 6) to base 13
2
69 (base 10) to base 8
105
What is -20 (base 7) in base 14?
-10
What is -8 (base 11) in base 15?
-8
-32 (base 16) to base 2
-110010
What is a (base 11) in base 14?
a
What is 0 (base 13) in base 7?
0
What is -5 (base 8) in base 3?
-12
What is 10 (base 12) in base 11?
11
Convert 1 (base 16) to base 5.
1
32 (base 5) to base 16
11
Convert -52 (base 6) to base 14.
-24
What is 5 (base 14) in base 7?
5
Convert 102 (base 3) to base 4.
23
101 (base 3) to base 9
11
What is 5 (base 16) in base 8?
5
What is -331 (base 4) in base 13?
-49
-122 (base 3) to base 15
-12
Convert -15 (base 6) to base 4.
-23
Convert -15a (base 15) to base 10.
-310
What is -4 (base 15) in base 4?
-10
Convert 112 (base 3) to base 5.
24
d4 (base 15) to base 2
11000111
Convert -2 (base 4) to base 11.
-2
-8c (base 13) to base 9
-138
-1 (base 9) to base 10
-1
What is -5 (base 10) in base 12?
-5
203 (base 6) to base 4
1023
What is 2 (base 3) in base 14?
2
What is a2 (base 11) in base 6?
304
23 (base 6) to base 10
15
What is d (base 15) in base 3?
111
Convert -17 (base 12) to base 3.
-201
What is -1e (base 16) in base 3?
-1010
What is 4 (base 7) in base 11?
4
Convert -5 (base 10) to base 14.
-5
What is -3 (base 15) in base 14?
-3
What is -16 (base 8) in base 5?
-24
What is 12 (base 13) in base 14?
11
What is -11010 (base 2) in base 15?
-1b
What is 81 (base 11) in base 9?
108
-23 (base 7) to base 11
-16
Convert -14 (base 5) to base 13.
-9
-2 (base 9) to base 15
-2
-1 (base 14) to base 3
-1
What is 22 (base 10) in base 8?
26
7 (base 16) to base 3
21
What is 111 (base 7) in base 11?
52
What is 0 (base 2) in base 11?
0
-2 (base 3) to base 10
-2
What is 0 (base 3) in base 13?
0
What is 0 (base 3) in base 6?
0
-5 (base 10) to base 14
-5
Convert -131 (base 12) to base 6.
-501
-2 (base 7) to base 16
-2
Convert 263 (base 8) to base 2.
10110011
Convert 101 (base 7) to base 5.
200
-7 (base 13) to base 6
-11
21 (base 6) to base 11
12
Convert 2 (base 3) to base 14.
2
-21 (base 6) to base 14
-d
166 (base 10) to base 4
2212
What is -8a (base 11) in base 3?
-10122
Convert -8 (base 11) to base 15.
-8
-10 (base 5) to base 9
-5
100 (base 7) to base 11
45
Convert 123 (base 7) to base 13.
51
What is 14 (base 16) in base 14?
16
What is -26 (base 16) in base 3?
-1102
Convert -14 (base 13) to base 10.
-17
What is -17 (base 13) in base 6?
-32
What is 3 (base 5) in base 13?
3
Convert 4 (base 8) to base 6.
4
-10 (base 5) to base 12
-5
-11 (base 4) to base 3
-12
Convert 15 (base 10) to base 13.
12
30 (base 13) to base 11
36
2 (base 8) to base 14
2
What is -343 (base 5) in base 7?
-200
What is 3 (base 4) in base 9?
3
What is 1 (base 7) in base 14?
1
What is -16 (base 7) in base 9?
-14
-3 (base 8) to base 16
-3
Convert 8 (base 10) to base 13.
8
17 (base 15) to base 5
42
Convert -1a (base 16) to base 5.
-101
43 (base 7) to base 3
1011
-10 (base 6) to base 4
-12
-1a (base 11) to base 7
-30
23 (base 12) to base 11
25
Convert -10 (base 15) to base 4.
-33
Convert 4 (base 14) to base 8.
4
What is 10 (base 4) in base 13?
4
Convert -23 (base 5) to base 2.
-1101
What is -c (base 13) in base 9?
-13
Convert 100 (base 3) to base 2.
1001
Convert -3 (base 10) to base 8.
-3
Convert b9 (base 14) to base 6.
431
-13 (base 9) to base 10
-12
What is 0 (base 10) in base 13?
0
23 (base 4) to base 2
1011
What is -5 (base 15) in base 13?
-5
-18 (b